{"id":15,"date":"2017-12-05T11:48:50","date_gmt":"2017-12-05T10:48:50","guid":{"rendered":"http:\/\/elzbietanska.pl\/?page_id=15"},"modified":"2020-07-09T13:49:56","modified_gmt":"2020-07-09T11:49:56","slug":"elzbietanska-pl","status":"publish","type":"page","link":"https:\/\/elzbietanska.pl\/index.php\/elzbietanska-pl\/","title":{"rendered":"OCEiK &#8211; o nas"},"content":{"rendered":"<div class=\"wpb-content-wrapper\"><p>[vc_row unlock_row_content=&#8221;yes&#8221; row_height_percent=&#8221;0&#8243; override_padding=&#8221;yes&#8221; h_padding=&#8221;2&#8243; top_padding=&#8221;0&#8243; bottom_padding=&#8221;0&#8243; overlay_alpha=&#8221;50&#8243; gutter_size=&#8221;3&#8243; column_width_percent=&#8221;100&#8243; shift_y=&#8221;0&#8243; z_index=&#8221;0&#8243;][vc_column column_width_percent=&#8221;100&#8243; position_vertical=&#8221;middle&#8221; gutter_size=&#8221;3&#8243; override_padding=&#8221;yes&#8221; column_padding=&#8221;0&#8243; overlay_alpha=&#8221;50&#8243; shift_x=&#8221;0&#8243; shift_y=&#8221;0&#8243; shift_y_down=&#8221;0&#8243; z_index=&#8221;0&#8243; medium_width=&#8221;0&#8243; mobile_width=&#8221;0&#8243; width=&#8221;1\/2&#8243; el_class=&#8221;tekstNaPolEkranu&#8221;][vc_column_text]<\/p>\n<h1>O nas<\/h1>\n<p><img decoding=\"async\" class=\"alignleft size-medium wp-image-574\" src=\"http:\/\/elzbietanska.pl\/wp-content\/uploads\/2017\/12\/logo_OCEiK-300x300.jpg\" alt=\"\" width=\"300\" height=\"300\" srcset=\"https:\/\/elzbietanska.pl\/wp-content\/uploads\/2017\/12\/logo_OCEiK-300x300.jpg 300w, https:\/\/elzbietanska.pl\/wp-content\/uploads\/2017\/12\/logo_OCEiK-150x150.jpg 150w, https:\/\/elzbietanska.pl\/wp-content\/uploads\/2017\/12\/logo_OCEiK-768x768.jpg 768w, https:\/\/elzbietanska.pl\/wp-content\/uploads\/2017\/12\/logo_OCEiK.jpg 1000w\" sizes=\"(max-width: 300px) 100vw, 300px\" \/>Obecnie (od grudnia 2019) organizujemy ciekawe wydarzenia kulturalno-edukacyjne dla ka\u017cdego! (wi\u0119cej w <strong><a href=\"http:\/\/elzbietanska.pl\/index.php\/aktualnosci\/\"><em>Aktualno\u015bciach<\/em> <\/a><\/strong>oraz <em><strong>Herbaciarnia \u2013 info<\/strong>)<\/em>. W latach 2017-2018 pracowali\u015bmy nad renowacj\u0105 naszego kompleksu w sk\u0142ad kt\u00f3rego wchodzi klasztor i ko\u015bci\u00f3\u0142 pod wezwaniem \u015awi\u0119tego J\u00f3zefa. Uruchomienie naszego Centrum, a tak\u017ce dzia\u0142alno\u015b\u0107 tej witryny mo\u017cliwe jest dzi\u0119ki dotacji z Programu Operacyjnego Infrastruktura i \u015arodowisko 2014-2020.<br \/>\nDowiedz si\u0119 wi\u0119cej o naszych planach z <strong><a href=\"http:\/\/elzbietanska.pl\/index.php\/aktualnosci\/\"><em>Aktualno\u015bci<\/em><\/a><\/strong>!<\/p>\n<p><img decoding=\"async\" src=\"http:\/\/elzbietanska.pl\/wp-content\/uploads\/2017\/12\/FE_IIS_UE_EFRR-COLOR-01-300x61.jpg\" alt=\"Grafika Fundusze Europejskie. Unia Europejska\" width=\"300\" height=\"61\" \/>[\/vc_column_text][vc_column_text]<\/p>\n<h2>Nasza misja<\/h2>\n<p>Tworz\u0105c nasz o\u015brodek i t\u0119 witryn\u0119 przy\u015bwieca nam misja \u0142\u0105czenia tego co stare, pi\u0119kne i tradycyjne z nowoczesno\u015bci\u0105, \u015bwie\u017cymi pomys\u0142ami i kulturaln\u0105 odpowiedzi\u0105 na potrzeby spo\u0142ecze\u0144stwa. Rewitalizacja to w\u0142a\u015bnie nadanie nowego \u017cycia dla stoj\u0105cych od wiek\u00f3w mur\u00f3w.[\/vc_column_text][\/vc_column][vc_column column_width_percent=&#8221;100&#8243; position_vertical=&#8221;middle&#8221; gutter_size=&#8221;3&#8243; override_padding=&#8221;yes&#8221; column_padding=&#8221;0&#8243; overlay_alpha=&#8221;50&#8243; shift_x=&#8221;0&#8243; shift_y=&#8221;0&#8243; shift_y_down=&#8221;0&#8243; z_index=&#8221;0&#8243; medium_width=&#8221;0&#8243; mobile_width=&#8221;0&#8243; width=&#8221;1\/2&#8243; el_class=&#8221;zdjecieNaPolEkranu&#8221;][uncode_slider][vc_row_inner row_inner_height_percent=&#8221;100&#8243; force_width_grid=&#8221;yes&#8221; back_image=&#8221;479&#8243; back_attachment=&#8221;scroll&#8221; back_position=&#8221;center center&#8221; overlay_alpha=&#8221;50&#8243; gutter_size=&#8221;3&#8243; shift_y=&#8221;0&#8243; z_index=&#8221;0&#8243;][vc_column_inner column_width_percent=&#8221;100&#8243; position_vertical=&#8221;middle&#8221; gutter_size=&#8221;3&#8243; overlay_alpha=&#8221;50&#8243; shift_x=&#8221;0&#8243; shift_y=&#8221;0&#8243; shift_y_down=&#8221;0&#8243; z_index=&#8221;0&#8243; medium_width=&#8221;0&#8243; mobile_width=&#8221;0&#8243; width=&#8221;1\/1&#8243;][vc_empty_space empty_h=&#8221;5&#8243;][vc_empty_space empty_h=&#8221;5&#8243;][vc_empty_space empty_h=&#8221;5&#8243;][vc_empty_space empty_h=&#8221;5&#8243;][vc_empty_space empty_h=&#8221;5&#8243;][vc_empty_space empty_h=&#8221;5&#8243;][vc_empty_space empty_h=&#8221;5&#8243;][\/vc_column_inner][\/vc_row_inner][\/uncode_slider][\/vc_column][\/vc_row]<\/p>\n<\/div>","protected":false},"excerpt":{"rendered":"<p>[vc_row unlock_row_content=&#8221;yes&#8221; row_height_percent=&#8221;0&#8243; override_padding=&#8221;yes&#8221; h_padding=&#8221;2&#8243; top_padding=&#8221;0&#8243; bottom_padding=&#8221;0&#8243; overlay_alpha=&#8221;50&#8243; gutter_size=&#8221;3&#8243; column_width_percent=&#8221;100&#8243; shift_y=&#8221;0&#8243; z_index=&#8221;0&#8243;][vc_column column_width_percent=&#8221;100&#8243; position_vertical=&#8221;middle&#8221; gutter_size=&#8221;3&#8243; override_padding=&#8221;yes&#8221; column_padding=&#8221;0&#8243; overlay_alpha=&#8221;50&#8243; shift_x=&#8221;0&#8243; shift_y=&#8221;0&#8243; [&hellip;]<\/p>\n","protected":false},"author":1,"featured_media":0,"parent":0,"menu_order":0,"comment_status":"closed","ping_status":"closed","template":"","meta":{"footnotes":""},"class_list":["post-15","page","type-page","status-publish","hentry"],"_links":{"self":[{"href":"https:\/\/elzbietanska.pl\/index.php\/wp-json\/wp\/v2\/pages\/15","targetHints":{"allow":["GET"]}}],"collection":[{"href":"https:\/\/elzbietanska.pl\/index.php\/wp-json\/wp\/v2\/pages"}],"about":[{"href":"https:\/\/elzbietanska.pl\/index.php\/wp-json\/wp\/v2\/types\/page"}],"author":[{"embeddable":true,"href":"https:\/\/elzbietanska.pl\/index.php\/wp-json\/wp\/v2\/users\/1"}],"replies":[{"embeddable":true,"href":"https:\/\/elzbietanska.pl\/index.php\/wp-json\/wp\/v2\/comments?post=15"}],"version-history":[{"count":32,"href":"https:\/\/elzbietanska.pl\/index.php\/wp-json\/wp\/v2\/pages\/15\/revisions"}],"predecessor-version":[{"id":1104,"href":"https:\/\/elzbietanska.pl\/index.php\/wp-json\/wp\/v2\/pages\/15\/revisions\/1104"}],"wp:attachment":[{"href":"https:\/\/elzbietanska.pl\/index.php\/wp-json\/wp\/v2\/media?parent=15"}],"curies":[{"name":"wp","href":"https:\/\/api.w.org\/{rel}","templated":true}]}}