{"id":166,"date":"2017-12-06T08:56:18","date_gmt":"2017-12-06T07:56:18","guid":{"rendered":"http:\/\/elzbietanska.pl\/?page_id=166"},"modified":"2017-12-19T08:23:07","modified_gmt":"2017-12-19T07:23:07","slug":"tlo-zmian","status":"publish","type":"page","link":"https:\/\/elzbietanska.pl\/index.php\/elzbietanska-pl\/tlo-zmian\/","title":{"rendered":"T\u0142o zmian"},"content":{"rendered":"<div class=\"wpb-content-wrapper\"><p>[vc_row row_height_percent=&#8221;0&#8243; override_padding=&#8221;yes&#8221; h_padding=&#8221;0&#8243; top_padding=&#8221;0&#8243; bottom_padding=&#8221;0&#8243; overlay_alpha=&#8221;50&#8243; gutter_size=&#8221;3&#8243; column_width_percent=&#8221;100&#8243; shift_y=&#8221;0&#8243; z_index=&#8221;0&#8243;][vc_column column_width_percent=&#8221;100&#8243; position_vertical=&#8221;middle&#8221; overlay_alpha=&#8221;50&#8243; gutter_size=&#8221;3&#8243; medium_width=&#8221;0&#8243; mobile_width=&#8221;0&#8243; shift_x=&#8221;0&#8243; shift_y=&#8221;0&#8243; shift_y_down=&#8221;0&#8243; z_index=&#8221;0&#8243; width=&#8221;1\/2&#8243; el_class=&#8221;tekstNaPolEkranu&#8221;][vc_column_text]<\/p>\n<h1>T\u0142o zmian<\/h1>\n<p>Wszystkie zaplanowane w naszym obiekcie inwestycje maj\u0105 za zadanie ochroni\u0107 cenne obiekty zabytkowe przed utrat\u0105 warto\u015bci oraz doprowadzi\u0107 do zachowania i efektywnego wykorzystania dziedzictwa kulturowego b\u0119d\u0105cego \u015bwiadkiem wielowiekowych przemian. Nasz obiekt uznany jest jako zabytek z powodu:<\/p>\n<ol>\n<li>indywidualnego wpisu do rejestru zabytk\u00f3w wojew\u00f3dztwa pomorskiego pod nr 651 (klasztor) i 652 (ko\u015bci\u00f3\u0142)<\/li>\n<li>wpisu historycznego Starego Miasta Gda\u0144ska do rejestru zabytk\u00f3w wojew\u00f3dztwa pomorskiego pod nr 8, (nowy rejestr: nr 15)<\/li>\n<li>uznania historycznego obszaru miasta Gda\u0144ska \u2013 miasto w zasi\u0119gu obwarowa\u0144 z XVII wieku za Pomnik Historii zarz\u0105dzeniem Prezydenta RP z 8 wrze\u015bnia 1994 r. (Monitor Polski 1994 r., nr 50 poz. 415),<\/li>\n<\/ol>\n<p>(\u0179r\u00f3d\u0142o: zasoby archiwalne oblat\u00f3w)[\/vc_column_text][\/vc_column][vc_column column_width_percent=&#8221;100&#8243; override_padding=&#8221;yes&#8221; column_padding=&#8221;0&#8243; overlay_alpha=&#8221;50&#8243; gutter_size=&#8221;3&#8243; medium_width=&#8221;0&#8243; mobile_width=&#8221;0&#8243; shift_x=&#8221;0&#8243; shift_y=&#8221;0&#8243; shift_y_down=&#8221;0&#8243; z_index=&#8221;0&#8243; width=&#8221;1\/2&#8243; el_class=&#8221;zdjecieNaPolEkranu&#8221;][uncode_slider][vc_row_inner row_inner_height_percent=&#8221;0&#8243; back_image=&#8221;484&#8243; overlay_alpha=&#8221;50&#8243; gutter_size=&#8221;3&#8243; shift_y=&#8221;0&#8243; z_index=&#8221;0&#8243;][vc_column_inner column_width_percent=&#8221;100&#8243; override_padding=&#8221;yes&#8221; column_padding=&#8221;0&#8243; gutter_size=&#8221;3&#8243; overlay_alpha=&#8221;50&#8243; medium_width=&#8221;0&#8243; mobile_width=&#8221;0&#8243; shift_x=&#8221;0&#8243; shift_y=&#8221;0&#8243; shift_y_down=&#8221;0&#8243; z_index=&#8221;0&#8243; width=&#8221;1\/1&#8243;][vc_empty_space empty_h=&#8221;5&#8243;][vc_empty_space empty_h=&#8221;5&#8243;][vc_empty_space empty_h=&#8221;5&#8243;][vc_empty_space empty_h=&#8221;5&#8243;][\/vc_column_inner][\/vc_row_inner][\/uncode_slider][\/vc_column][\/vc_row][vc_row][vc_column width=&#8221;1\/1&#8243;][vc_column_text]<\/p>\n<h2>Pomnik Historii<\/h2>\n<p>Pomnik Historii to jedna z\u00a0czterech form ochrony zabytk\u00f3w wymienionych w\u00a0ustawie o\u00a0ochronie zabytk\u00f3w i\u00a0opiece nad zabytkami z\u00a02003\u00a0r. Terminem tym okre\u015bla si\u0119 zabytek nieruchomy o\u00a0szczeg\u00f3lnym znaczeniu dla kultury naszego kraju. Rang\u0119 pomnika historii podkre\u015bla fakt, \u017ce jest on ustanawiany przez Prezydenta Rzeczpospolitej Polskiej specjalnym rozporz\u0105dzeniem na wniosek Ministra Kultury i\u00a0Dziedzictwa Narodowego.\u00a0 Do dzi\u015b to najwy\u017csze wyr\u00f3\u017cnienie nadano 60 zabytkom.<\/p>\n<p>Uzasadnieniem dla tak wysokiej rangi ochrony miejsca jest m.in. fakt, i\u017c niewiele miast p\u00f3\u0142nocnoeuropejskich zachowa\u0142o w tak du\u017cym zakresie struktur\u0119 urbanistyczn\u0105 zbudowan\u0105 ca\u0142kowicie przed po\u0142ow\u0105 XVIII wieku. Gda\u0144sk historyczny nadal tkwi strukturalnie w \u015bredniowieczu i czasach nowo\u017cytnych, a brakuje mu tkanki charakterystycznej dla miast epoki nowoczesnej, kt\u00f3rych rozw\u00f3j nabra\u0142 tempa dopiero po pierwszej po\u0142owie XVIII wieku. Nie uleg\u0142 &#8211; tak typowej dla miast zachodnioeuropejskich w XIX wieku &#8211; przemianie w nowoczesne miasto przemys\u0142owe, co sta\u0142o si\u0119 przecie\u017c udzia\u0142em takich du\u017cych miast portowych, jak Hamburg czy Kopenhaga. Dlatego Gda\u0144sk jest dzi\u015b p\u00f3\u0142nocnoeuropejskim &#8222;rezerwatem kulturowym&#8221; p\u00f3\u017ano\u015bredniowiecznego i nowo\u017cytnego dziedzictwa urbanistycznego (takim jak dla wczesno\u015bredniowiecznego dziedzictwa jest Visby na Gotlandii).<\/p>\n<p>Zesp\u00f3\u0142 klasztorny obj\u0119ty projektem po\u0142o\u017cony jest w pobli\u017cu najwa\u017cniejszych historycznych zabytk\u00f3w (np. Wielki M\u0142yn, Baszta \u015bw. Jacka, ko\u015bci\u00f3\u0142 \u015bw. Katarzyny). O jego wyj\u0105tkowo\u015bci \u015bwiadczy fakt, i\u017c jest jednym z niewielu zachowanych na terenie Polski za\u0142o\u017ce\u0144 wzniesionych przez Karmelit\u00f3w Trzewiczkowych, r\u00f3wnocze\u015bnie nale\u017cy, obok klasztoru franciszkan\u00f3w, do jedynych tego typu obiekt\u00f3w istniej\u0105cych w ca\u0142o\u015bci na terenie Gda\u0144ska. Jego wyj\u0105tkow\u0105 warto\u015b\u0107 artystyczn\u0105 podkre\u015bla fasada gotycka ko\u015bcio\u0142a (elewacja wschodnia) uznawana za jedn\u0105 z najpi\u0119kniejszych w Gda\u0144sku.<br \/>\nJest materialnym \u015bwiadkiem unikatowych przemian kulturowych w historii szczeg\u00f3lnego miasta o skali nie tylko regionalnej, lecz szerszej &#8211; europejskiej i \u015bwiatowej jakim jest Gda\u0144sk.<\/p>\n<h2>Cele projektu<\/h2>\n<p>Cele bezpo\u015brednie naszego projektu to:<\/p>\n<ul>\n<li>poddane konserwacji, zrestaurowane i wyremontowane obiekty zabytkowe (nieruchome);<\/li>\n<li>zabezpieczone obiekty przed kradzie\u017c\u0105 i zniszczeniem;<\/li>\n<li>zaadaptowane i wyposa\u017cone do dzia\u0142alno\u015bci kulturalnej obiekty zabytkowe;<\/li>\n<li>przystosowane obiekty zabytkowe do potrzeb os\u00f3b z niepe\u0142nosprawno\u015bciami.<\/li>\n<\/ul>\n<p>Realizacja naszego projektu pozwoli na zachowanie i udost\u0119pnienie, w wi\u0119kszym ni\u017c dotychczas stopniu, substancji zabytkowej zespo\u0142u klasztornego pw. \u015bw. J\u00f3zefa w Gda\u0144sku. Poprawie ulegnie zewn\u0119trzny wygl\u0105d obiektu (elewacje), co przyczyni si\u0119 do lepszej ekspozycji cennej substancji zabytkowej. Dzi\u0119ki przeprowadzonym pracom zostanie udost\u0119pniona nieu\u017cytkowana obecnie cz\u0119\u015b\u0107 klasztoru, tzw Kapitularz.<\/p>\n<p>Za\u0142o\u017ceniem projektu nie mo\u017ce by\u0107 jedynie odnowienie, konserwacja i restauracja zabytk\u00f3w, ale przede wszystkim pe\u0142niejsze ich w\u0142\u0105czenie w obieg spo\u0142eczny i kulturotw\u00f3rczy, poprzez dzia\u0142ania podejmowane w oparciu o odnowion\u0105 infrastruktur\u0119 na rzecz spo\u0142eczno\u015bci lokalnej i ponadlokalnej (w tym ponadregionalnej). Podj\u0119te dzia\u0142ania powinny umo\u017cliwi\u0107 zetkni\u0119cie si\u0119 os\u00f3b w nich uczestnicz\u0105cych z zabytkowym miejscem uznanym za wa\u017cny element dziedzictwa kulturowego Gda\u0144ska.<\/p>\n<p>Celem planowanego przez nas programu edukacyjno-kulturowego b\u0119dzie zwi\u0119kszenie dost\u0119pno\u015bci zasob\u00f3w kulturowych obj\u0119tych projektem skutkuj\u0105ce:<\/p>\n<ul>\n<li>zwi\u0119kszeniem liczby os\u00f3b odwiedzaj\u0105cych obiekt;<\/li>\n<li>udost\u0119pnieniem nowych powierzchni do odwiedzania i u\u017cytkowania na cele kulturalne, artystyczne i edukacyjne;<\/li>\n<li>budowaniem \u015bwiadomo\u015bci kulturalnej oraz popraw\u0105 edukacji w zakresie kultury;<\/li>\n<li>wzrostem kompetencji kulturowych oraz wzrostem kreatywno\u015bci spo\u0142ecze\u0144stwa.<\/li>\n<\/ul>\n<p>[\/vc_column_text][\/vc_column][\/vc_row]<\/p>\n<\/div>","protected":false},"excerpt":{"rendered":"<p>[vc_row row_height_percent=&#8221;0&#8243; override_padding=&#8221;yes&#8221; h_padding=&#8221;0&#8243; top_padding=&#8221;0&#8243; bottom_padding=&#8221;0&#8243; overlay_alpha=&#8221;50&#8243; gutter_size=&#8221;3&#8243; column_width_percent=&#8221;100&#8243; shift_y=&#8221;0&#8243; z_index=&#8221;0&#8243;][vc_column column_width_percent=&#8221;100&#8243; position_vertical=&#8221;middle&#8221; overlay_alpha=&#8221;50&#8243; gutter_size=&#8221;3&#8243; medium_width=&#8221;0&#8243; mobile_width=&#8221;0&#8243; shift_x=&#8221;0&#8243; shift_y=&#8221;0&#8243; shift_y_down=&#8221;0&#8243; [&hellip;]<\/p>\n","protected":false},"author":2,"featured_media":0,"parent":15,"menu_order":0,"comment_status":"closed","ping_status":"closed","template":"","meta":{"footnotes":""},"class_list":["post-166","page","type-page","status-publish","hentry"],"_links":{"self":[{"href":"https:\/\/elzbietanska.pl\/index.php\/wp-json\/wp\/v2\/pages\/166","targetHints":{"allow":["GET"]}}],"collection":[{"href":"https:\/\/elzbietanska.pl\/index.php\/wp-json\/wp\/v2\/pages"}],"about":[{"href":"https:\/\/elzbietanska.pl\/index.php\/wp-json\/wp\/v2\/types\/page"}],"author":[{"embeddable":true,"href":"https:\/\/elzbietanska.pl\/index.php\/wp-json\/wp\/v2\/users\/2"}],"replies":[{"embeddable":true,"href":"https:\/\/elzbietanska.pl\/index.php\/wp-json\/wp\/v2\/comments?post=166"}],"version-history":[{"count":10,"href":"https:\/\/elzbietanska.pl\/index.php\/wp-json\/wp\/v2\/pages\/166\/revisions"}],"predecessor-version":[{"id":526,"href":"https:\/\/elzbietanska.pl\/index.php\/wp-json\/wp\/v2\/pages\/166\/revisions\/526"}],"up":[{"embeddable":true,"href":"https:\/\/elzbietanska.pl\/index.php\/wp-json\/wp\/v2\/pages\/15"}],"wp:attachment":[{"href":"https:\/\/elzbietanska.pl\/index.php\/wp-json\/wp\/v2\/media?parent=166"}],"curies":[{"name":"wp","href":"https:\/\/api.w.org\/{rel}","templated":true}]}}